t p(o) = -o**3 - 5*o**2 - 3*o - 13. Let c be p(-9). Suppose -29*w - 64*w + 2418 = 0. What is the highest common divisor of w and c?
26
Let n be (-2)/(-7) - 8224/(-28). Let g = n + -249. Let a = 32 + -23. Calculate the greatest common divisor of g and a.
9
Let r = -8 + -1. Let x be (-3)/(-9) + r/(135/(-250)). What is the greatest common factor of x and 68?
17
Suppose -744 - 1276 = 3*h + b, -4*b + 3378 = -5*h. Let y = h - -723. What is the highest common divisor of 63 and y?
7
Let w(j) = j + 12. Let a be w(-12). Suppose a = 5*o - 0*o. Suppose o*m + 55 = 5*m. What is the highest common factor of m and 121?
11
Suppose 3*l = -4*s + 1232, 311 = -4*s + 5*l + 1575. Calculate the greatest common divisor of 2 and s.
1
Let f = 67 + -62. Suppose u - 10 = -3. Suppose f*z = -u + 42. Calculate the greatest common divisor of 7 and z.
7
Let t be 35*-1*((-2)/3 + 17724/(-1899)). Let d be 4 + 2/(-2) + 2. Calculate the greatest common divisor of d and t.
5
Suppose 716 = 10*j - 9*j. Suppose 5*t + 6*v = 8*v + j, t + 4*v - 152 = 0. Calculate the highest common divisor of t and 36.
36
Let w = -293 - -329. Let g = 64 - w. What is the highest common factor of 8 and g?
4
Let f be 648 - (4 - 5) - -1. Suppose -2*l + 44*n - 43*n = -98, -3*l + 142 = -4*n. What is the greatest common factor of f and l?
50
Suppose 5*m - 39 + 10 = -3*c, -2*m = 4*c - 20. Let d be -2 + c/((-3)/(-56)). Let w = 163209 - 163182. What is the highest common factor of d and w?
27
Suppose 4*m = z - 16, 4*m + 4 = 8. Calculate the greatest common divisor of 3320 and z.
20
Let y = 1640 + -1632. What is the greatest common factor of y and 89?
1
Let y be (-9)/(-15)*30/9. Let f be (90/18)/(y/(-26)). Let h be (-2330)/f - 4/(-26). What is the greatest common factor of h and 36?
36
Let p = 70 + -62. Suppose p*d - 3*d = -5*m + 310, 0 = -5*d - m + 314. Calculate the greatest common divisor of 567 and d.
63
Suppose 4*f + 5 = -5*r, 4*r - f + 2*f = -15. Let j be 11 + r + 4 - 0. Calculate the greatest common factor of j and 5.
5
Suppose -5*b - 5*h + 35 = 0, b + 5*h - 27 = -0*h. Suppose 8*s + 5*g - 245 = 7*s, -3*s + 701 = -b*g. Calculate the highest common factor of s and 47.
47
Suppose 2*b - 6 = 0, -3*u + b + 9 = -b. Let m be (32 + -35 - 12) + 350. Calculate the greatest common divisor of m and u.
5
Let k(g) = -5*g + 5. Let u be k(-3). Let t(n) = n**2 - 1 - 5 + 10*n**2 + 2*n - 2. Let b be t(-4). What is the highest common divisor of u and b?
20
Let r be (-76)/((1 + 3)*1/(-2)). Let n(l) = -140*l + 3. Let g be n(-4). Suppose 0 = 5*j - g + r. Calculate the greatest common factor of j and 15.
15
Let q be (-25)/5 - (18 - 127). What is the greatest common divisor of 351 and q?
13
Let r = -641 + 647. Calculate the greatest common divisor of r and 1692.
6
Let c(o) = o**2 - 24*o - 25. Let l(h) = -2*h**2 + 32*h - 36. Let b be l(15). Let f be c(b). What is the greatest common factor of 31 and f?
31
Let x = -191 + 219. Let h be 5 - (-301)/x - (-1)/4. What is the highest common factor of h and 16?
16
Let s(j) = -j**3 + 10*j**2 + 30*j - 24. Let f be s(6). Calculate the highest common divisor of 9 and f.
3
Let k = 6593 + -6463. What is the greatest common divisor of 180 and k?
10
Suppose -17*t + 140 = -472. Suppose 0 = -9*r + 81 + t. What is the highest common divisor of r and 1?
1
Let y = 14871 + -13363. What is the greatest common divisor of y and 348?
116
Let s be ((-2)/(-40)*28)/(1478/(-370) - -4). What is the greatest common divisor of 1184 and s?
37
Let t = -2141 + 2301. Suppose 0 = -2*c + 3*x + 108, 2*x + 143 = 4*c - 89. What is the highest common divisor of c and t?
20
Let k be (-6)/15*(16 + (-5 - 246)). What is the greatest common divisor of 22372 and k?
94
Suppose 0 = -m - 2*k + 13, 3*m - 37 = 5*k - 9. Suppose 14*u - 264 = m*u. Let l(x) = 221*x - 1. Let h be l(1). What is the greatest common divisor of u and h?
44
Let l = 550 + 236. Let k = 831 - l. Calculate the highest common factor of 375 and k.
15
Let w = 137 + 143. Suppose 8*q + 5*n = 423, 219*n + 260 = 5*q + 223*n. What is the greatest common factor of q and w?
56
Suppose c + 17 = t + 12, -3*t + 27 = 3*c. What is the highest common divisor of 186 and t?
1
Suppose -6*x + 10*x - 108 = -c, 0 = x + 16*c - 27. Let s = -14 - -25. Suppose -y + 7 = -s. Calculate the highest common factor of x and y.
9
Let l = 275 + -83. Let m = l + -347. Let g = m + 231. Calculate the greatest common divisor of 38 and g.
38
Let t be -84 - (-3 - -3)/(-1). Let u = t + 180. Calculate the highest common factor of u and 240.
48
Let v be (-11 - -11)*(-1)/(-2). Suppose -4*g = -2*w - v*w - 830, -g + 3*w + 195 = 0. Let t = 1921 + -1891. What is the greatest common factor of g and t?
30
Suppose -p = -21 - 25. Let j = -65 + p. Let v = j + 28. What is the greatest common factor of v and 63?
9
Suppose -27 = -3*u - 2*h + 126, -h - 41 = -u. What is the highest common factor of 9 and u?
1
Let l(j) = -5*j - 35. Let t be l(-7). Suppose t = -4*z + r + 62, -4*z + 54 = -3*r - 4. Calculate the highest common divisor of 128 and z.
16
Let x(v) = -425*v**3 - 12*v**2 + 12*v - 12. Let c be x(-3). What is the highest common factor of 99 and c?
33
Let v(l) = 6*l + 98. Let a be v(-32). Let x = a + 118. Calculate the highest common divisor of x and 96.
24
Let k(m) = -m**3 - m**2 + 6*m + 9. Let w be k(-2). Let r be (w*-3)/((-6)/(-1794)). Let z = -435 - r. What is the highest common factor of z and 42?
42
Let d(o) = -4*o**2 - 2*o**2 - 9 - 8 + 7*o**2 - 9*o. Let b be d(9). Let u = -8 - b. Calculate the highest common divisor of 3 and u.
3
Suppose 42*n = 40700 + 67702. What is the greatest common divisor of 178 and n?
89
Let u(k) = -k**3 + 13*k**2 + 31*k + 34. Let c be u(15). Calculate the highest common factor of 3969 and c.
49
Let u(j) = 21*j + 12. Let m(x) = 21*x + 11. Let w(l) = -3*m(l) + 4*u(l). Let c be w(4). Calculate the highest common divisor of c and 11.
11
Let v(g) = g**2 - 6*g + 4. Let b be v(6). Suppose -8*w + b*w + 504 = 0. Suppose 34 = 4*i - 38. What is the highest common factor of w and i?
18
Let y(t) = -t**3 + 17*t**2 - 17*t + 1. Let l be y(14). Suppose -l*a = -368*a + 6358. Calculate the highest common divisor of 66 and a.
22
Let a = -314 - -331. Suppose 2*o = -g + 645, -o + 330 = 19*g - a*g. Calculate the greatest common factor of 40 and o.
40
Suppose 2*v + 0*v = 4*p - 80, -4*p = 4*v + 220. Let i = v + 46. Let t = i - -49. Calculate the highest common divisor of t and 18.
9
Suppose -33 - 7 = -5*w + 10. Calculate the highest common factor of w and 185.
5
Let y be (4 - 309/6) + (-3)/(-2). Let s = -43 - y. Let g(h) = h + 27. Let n be g(s). What is the highest common divisor of 45 and n?
15
Let k = 8 - 10. Let j(m) = 4*m + 19. Let w(x) = -2. Let i(a) = k*j(a) - 18*w(a). Let z be i(-1). What is the highest common factor of 15 and z?
3
Suppose 5*u - 1280 = -0*u. Suppose 0 = 6*y - u - 194. Let z = -45 + y. What is the greatest common factor of z and 40?
10
Suppose -4*z - 3*d + 295 + 53 = 0, 2*d + 244 = 3*z. Let j(n) = -2*n + 4*n - 1 + 11. Let w be j(9). What is the highest common factor of w and z?
28
Let r(f) = 13*f - 474. Let a be r(37). Calculate the highest common factor of a and 1183.
7
Let l(f) = 4*f - 10. Let c be l(3). Suppose 0 = 3*z + 6, g + 14 = -c*z + 7*z. Let k = g - -44. What is the highest common factor of 100 and k?
20
Suppose 49*s - 3423 - 4137 = -21*s. Let g = -107 - -359. What is the highest common divisor of g and s?
36
Suppose 26*t - 433 + 407 = 0. Calculate the highest common factor of 64 and t.
1
Let u(k) = 335*k**2 - 169*k**2 - 165*k**2 - 9 - 16*k. Let x be u(17). Calculate the greatest common factor of x and 232.
8
Let f be 1188308/154 + -5 + -2*1/7. What is the highest common factor of f and 11?
11
Let h(d) = d**2 - 14*d - 34. Let g be h(16). Let c be 3/g - (-5599)/22. Calculate the highest common divisor of 23 and c.
23
Let j be (-54)/(-2)*(-6)/18. Let o = 11 - j. Let p be (o/12)/(-5) + 327/9. What is the highest common divisor of p and 27?
9
Suppose -6120 = -3*y + 3*k, 0*k - 4070 = -2*y + 4*k. Suppose -5*c + y = -5*v, -2*v = -c + 3*c - 802. What is the greatest common divisor of 15 and c?
15
Suppose 5*x - 15 = 25. Suppose x + 8 = 4*c. Suppose 270 = c*i + 2*q - 218, 5*q = 3*i - 379. Calculate the highest common factor of 82 and i.
41
Let w(l) = -4*l + 13. Let m be w(-9). Let j(a) = 2